{"id":484,"date":"2018-08-23T11:00:41","date_gmt":"2018-08-23T11:00:41","guid":{"rendered":"https:\/\/wohnmobil-world.de\/?page_id=484"},"modified":"2018-08-23T11:01:21","modified_gmt":"2018-08-23T11:01:21","slug":"mercedes-benz","status":"publish","type":"page","link":"https:\/\/www.wohnmobil-world.de\/index.php\/mercedes-benz\/","title":{"rendered":"Mercedes-Benz"},"content":{"rendered":"<p><code>\n<!-- NOTE: If you need to make changes to this file, copy it to your current theme's main\n\tdirectory so your changes won't be overwritten when the plugin is upgraded. -->\n\n<!-- Post Wrap Start-->\n<div class=\"post hentry ivycat-post\">\n\n\t<!-- \tThis outputs the post TITLE -->\n\t<h2 class=\"entry-title\"><a href=\"https:\/\/www.wohnmobil-world.de\/index.php\/2018\/08\/31\/mercedes-concept-marco-polo-und-f-cell-die-zukunft-des-wohnmobiles\/\">Mercedes-Benz Concept Marco Polo und F-Cell &#8211; Die Zukunft des Wohnmobiles?<\/a><\/h2>\n\n\t<!-- \tThis outputs the post EXCERPT.  To display full content including images and html,\n\t\treplace the_excerpt(); with the_content();  below. -->\n\t<div class=\"entry-summary\">\n\t\t<p>Mercedes \u00fcberraschte auf dem diesj\u00e4hrigen Caravan Salon in D\u00fcsseldorf mit 2 Studien. Einmal\u00a0 mit einem Wohnmobil auf Sprinter-Basis, das von einer Brennstoffzelle angetrieben wird und deswegen nahezu emissionsfrei f\u00e4hrt und einmal mit dem &#8222;Concept Marco Polo&#8220;, der dem Camper in der Zukunft das voll vernetzte Fahrzeug bieten soll. Die Zukunft ist n\u00e4her, als man denkt.<\/p>\n\t<\/div>\n\n\t<!--\tThis outputs the post META information -->\n\t<div class=\"entry-utility\">\n\t\t\t\t\t<span class=\"cat-links\">\n\t\t\t\t<span class=\"entry-utility-prep entry-utility-prep-cat-links\">Posted in<\/span> <a href=\"https:\/\/www.wohnmobil-world.de\/index.php\/category\/hersteller\/mercedes-benz\/\" rel=\"category tag\">Mercedes-Benz<\/a>, <a href=\"https:\/\/www.wohnmobil-world.de\/index.php\/category\/messeberichte\/\" rel=\"category tag\">Messeberichte<\/a>, <a href=\"https:\/\/www.wohnmobil-world.de\/index.php\/category\/news\/\" rel=\"category tag\">News<\/a>, <a href=\"https:\/\/www.wohnmobil-world.de\/index.php\/category\/studie\/\" rel=\"category tag\">Studie<\/a>, <a href=\"https:\/\/www.wohnmobil-world.de\/index.php\/category\/zukunft\/\" rel=\"category tag\">Zukunft<\/a>\t\t\t<\/span>\n\t\t\t<span class=\"meta-sep\">|<\/span>\n\t\t\t\t\t\t\t<span class=\"tag-links\">\n\t\t\t\t<span class=\"entry-utility-prep entry-utility-prep-tag-links\">Tagged<\/span> <a href=\"https:\/\/www.wohnmobil-world.de\/index.php\/tag\/concept-marco-polo\/\" rel=\"tag\">concept marco polo<\/a>, <a href=\"https:\/\/www.wohnmobil-world.de\/index.php\/tag\/emissionsfrei\/\" rel=\"tag\">emissionsfrei<\/a>, <a href=\"https:\/\/www.wohnmobil-world.de\/index.php\/tag\/f-cell\/\" rel=\"tag\">F-CELL<\/a>, <a href=\"https:\/\/www.wohnmobil-world.de\/index.php\/tag\/mercedes-benz\/\" rel=\"tag\">Mercedes-Benz<\/a>, <a href=\"https:\/\/www.wohnmobil-world.de\/index.php\/tag\/reisemobil\/\" rel=\"tag\">reisemobil<\/a>, <a href=\"https:\/\/www.wohnmobil-world.de\/index.php\/tag\/review\/\" rel=\"tag\">review<\/a>, <a href=\"https:\/\/www.wohnmobil-world.de\/index.php\/tag\/wohnmobil-world-de\/\" rel=\"tag\">wohnmobil-world.de<\/a>, <a href=\"https:\/\/www.wohnmobil-world.de\/index.php\/tag\/zukunft\/\" rel=\"tag\">Zukunft<\/a>\t\t\t<\/span>\n\t\t\t<span class=\"meta-sep\">|<\/span>\n\t\t\t\t<span class=\"comments-link\">\n\t\t\t<span>Kommentare deaktiviert<span class=\"screen-reader-text\"> f\u00fcr Mercedes-Benz Concept Marco Polo und F-Cell &#8211; Die Zukunft des Wohnmobiles?<\/span><\/span>\t\t<\/span>\n\t\t\t<\/div>\n<\/div>\n<!-- \/\/ Post Wrap End -->\n\n<!-- NOTE: If you need to make changes to this file, copy it to your current theme's main\n\tdirectory so your changes won't be overwritten when the plugin is upgraded. -->\n\n<!-- Post Wrap Start-->\n<div class=\"post hentry ivycat-post\">\n\n\t<!-- \tThis outputs the post TITLE -->\n\t<h2 class=\"entry-title\"><a href=\"https:\/\/www.wohnmobil-world.de\/index.php\/2018\/08\/23\/mercedes-benz-concept-sprinter-f-cell-das-reisemobil-der-zukunft-emissionsfrei-und-vernetzt\/\">Mercedes-Benz &#8222;Concept Sprinter F-CELL&#8220; . Das Reisemobil der Zukunft \u2013 emissionsfrei und vernetzt<\/a><\/h2>\n\n\t<!-- \tThis outputs the post EXCERPT.  To display full content including images and html,\n\t\treplace the_excerpt(); with the_content();  below. -->\n\t<div class=\"entry-summary\">\n\t\t<p>\u201eConcept Sprinter F-CELL\u201c: Sauber und leise unterwegs dank Brennstoffzelle Der \u201eConcept Sprinter F-CELL\u201c zeigt die Idee des umweltfreundlichen und nachhaltigen Reisemobils als einen zentralen Trend, der das Segment bewegt. Das Konzeptfahrzeug beweist, dass der emissionsfreie Betrieb f\u00fcr Camper dank Brennstoffzellenantrieb m\u00f6glich ist. Es f\u00e4hrt jedoch nicht nur ohne Schadstoffemissionen, sondern auch nahezu ger\u00e4uschlos. Gro\u00dfe Entfernungen&hellip;<\/p>\n\t<\/div>\n\n\t<!--\tThis outputs the post META information -->\n\t<div class=\"entry-utility\">\n\t\t\t\t\t<span class=\"cat-links\">\n\t\t\t\t<span class=\"entry-utility-prep entry-utility-prep-cat-links\">Posted in<\/span> <a href=\"https:\/\/www.wohnmobil-world.de\/index.php\/category\/hersteller\/mercedes-benz\/\" rel=\"category tag\">Mercedes-Benz<\/a>, <a href=\"https:\/\/www.wohnmobil-world.de\/index.php\/category\/messeberichte\/\" rel=\"category tag\">Messeberichte<\/a>, <a href=\"https:\/\/www.wohnmobil-world.de\/index.php\/category\/news\/\" rel=\"category tag\">News<\/a>\t\t\t<\/span>\n\t\t\t<span class=\"meta-sep\">|<\/span>\n\t\t\t\t\t\t\t<span class=\"tag-links\">\n\t\t\t\t<span class=\"entry-utility-prep entry-utility-prep-tag-links\">Tagged<\/span> <a href=\"https:\/\/www.wohnmobil-world.de\/index.php\/tag\/caravan-salon\/\" rel=\"tag\">Caravan-Salon<\/a>, <a href=\"https:\/\/www.wohnmobil-world.de\/index.php\/tag\/emissionsfrei\/\" rel=\"tag\">emissionsfrei<\/a>, <a href=\"https:\/\/www.wohnmobil-world.de\/index.php\/tag\/f-cell\/\" rel=\"tag\">F-CELL<\/a>, <a href=\"https:\/\/www.wohnmobil-world.de\/index.php\/tag\/mercedes-benz\/\" rel=\"tag\">Mercedes-Benz<\/a>, <a href=\"https:\/\/www.wohnmobil-world.de\/index.php\/tag\/neuheit\/\" rel=\"tag\">Neuheit<\/a>, <a href=\"https:\/\/www.wohnmobil-world.de\/index.php\/tag\/news\/\" rel=\"tag\">News<\/a>, <a href=\"https:\/\/www.wohnmobil-world.de\/index.php\/tag\/sprinter\/\" rel=\"tag\">Sprinter<\/a>, <a href=\"https:\/\/www.wohnmobil-world.de\/index.php\/tag\/zukunft\/\" rel=\"tag\">Zukunft<\/a>\t\t\t<\/span>\n\t\t\t<span class=\"meta-sep\">|<\/span>\n\t\t\t\t<span class=\"comments-link\">\n\t\t\t<span>Kommentare deaktiviert<span class=\"screen-reader-text\"> f\u00fcr Mercedes-Benz &#8222;Concept Sprinter F-CELL&#8220; . Das Reisemobil der Zukunft \u2013 emissionsfrei und vernetzt<\/span><\/span>\t\t<\/span>\n\t\t\t<\/div>\n<\/div>\n<!-- \/\/ Post Wrap End -->\n<\/code><\/p>\n","protected":false},"excerpt":{"rendered":"","protected":false},"author":2,"featured_media":0,"parent":0,"menu_order":0,"comment_status":"closed","ping_status":"closed","template":"","meta":{"_crdt_document":"","_exactmetrics_skip_tracking":false,"_exactmetrics_sitenote_active":false,"_exactmetrics_sitenote_note":"","_exactmetrics_sitenote_category":0,"footnotes":""},"class_list":["post-484","page","type-page","status-publish","hentry"],"yoast_head":"<!-- This site is optimized with the Yoast SEO plugin v27.4 - https:\/\/yoast.com\/product\/yoast-seo-wordpress\/ -->\n<title>Mercedes-Benz - Wohnmobil-world.de<\/title>\n<meta name=\"description\" content=\"Reist mit uns in die gro\u00dfe Welt der beliebtesten Reisemobile in Deutschland, Europa und der Welt. Wir liefern Fahrberichte, Tests und Fakten! Unser Blog: wohnmobil-world.de Facebook: https:\/\/www.facebook.com\/wohnmobilworld Instagram: https:\/\/www.instagram.com\/wohnmobilworld.de\/ Twitter: @wohnmobilD\" \/>\n<meta name=\"robots\" content=\"index, follow, max-snippet:-1, max-image-preview:large, max-video-preview:-1\" \/>\n<link rel=\"canonical\" href=\"https:\/\/www.wohnmobil-world.de\/index.php\/mercedes-benz\/\" \/>\n<meta property=\"og:locale\" content=\"de_DE\" \/>\n<meta property=\"og:type\" content=\"article\" \/>\n<meta property=\"og:title\" content=\"Mercedes-Benz - Wohnmobil-world.de\" \/>\n<meta property=\"og:description\" content=\"Reist mit uns in die gro\u00dfe Welt der beliebtesten Reisemobile in Deutschland, Europa und der Welt. Wir liefern Fahrberichte, Tests und Fakten! Unser Blog: wohnmobil-world.de Facebook: https:\/\/www.facebook.com\/wohnmobilworld Instagram: https:\/\/www.instagram.com\/wohnmobilworld.de\/ Twitter: @wohnmobilD\" \/>\n<meta property=\"og:url\" content=\"https:\/\/www.wohnmobil-world.de\/index.php\/mercedes-benz\/\" \/>\n<meta property=\"og:site_name\" content=\"Wohnmobil-world.de\" \/>\n<meta property=\"article:publisher\" content=\"https:\/\/www.facebook.com\/wohnmobilworld\/\" \/>\n<meta property=\"article:modified_time\" content=\"2018-08-23T11:01:21+00:00\" \/>\n<meta name=\"twitter:card\" content=\"summary_large_image\" \/>\n<meta name=\"twitter:site\" content=\"@WohnmobilD\" \/>\n<script type=\"application\/ld+json\" class=\"yoast-schema-graph\">{\"@context\":\"https:\\\/\\\/schema.org\",\"@graph\":[{\"@type\":\"WebPage\",\"@id\":\"https:\\\/\\\/www.wohnmobil-world.de\\\/index.php\\\/mercedes-benz\\\/\",\"url\":\"https:\\\/\\\/www.wohnmobil-world.de\\\/index.php\\\/mercedes-benz\\\/\",\"name\":\"Mercedes-Benz - Wohnmobil-world.de\",\"isPartOf\":{\"@id\":\"https:\\\/\\\/www.wohnmobil-world.de\\\/#website\"},\"datePublished\":\"2018-08-23T11:00:41+00:00\",\"dateModified\":\"2018-08-23T11:01:21+00:00\",\"description\":\"Reist mit uns in die gro\u00dfe Welt der beliebtesten Reisemobile in Deutschland, Europa und der Welt. Wir liefern Fahrberichte, Tests und Fakten! Unser Blog: wohnmobil-world.de Facebook: https:\\\/\\\/www.facebook.com\\\/wohnmobilworld Instagram: https:\\\/\\\/www.instagram.com\\\/wohnmobilworld.de\\\/ Twitter: @wohnmobilD\",\"breadcrumb\":{\"@id\":\"https:\\\/\\\/www.wohnmobil-world.de\\\/index.php\\\/mercedes-benz\\\/#breadcrumb\"},\"inLanguage\":\"de\",\"potentialAction\":[{\"@type\":\"ReadAction\",\"target\":[\"https:\\\/\\\/www.wohnmobil-world.de\\\/index.php\\\/mercedes-benz\\\/\"]}]},{\"@type\":\"BreadcrumbList\",\"@id\":\"https:\\\/\\\/www.wohnmobil-world.de\\\/index.php\\\/mercedes-benz\\\/#breadcrumb\",\"itemListElement\":[{\"@type\":\"ListItem\",\"position\":1,\"name\":\"Startseite\",\"item\":\"https:\\\/\\\/www.wohnmobil-world.de\\\/\"},{\"@type\":\"ListItem\",\"position\":2,\"name\":\"Mercedes-Benz\"}]},{\"@type\":\"WebSite\",\"@id\":\"https:\\\/\\\/www.wohnmobil-world.de\\\/#website\",\"url\":\"https:\\\/\\\/www.wohnmobil-world.de\\\/\",\"name\":\"Wohnmobil-world.de\",\"description\":\"Alles \u00fcber Wohnmobile und mehr...\",\"publisher\":{\"@id\":\"https:\\\/\\\/www.wohnmobil-world.de\\\/#organization\"},\"potentialAction\":[{\"@type\":\"SearchAction\",\"target\":{\"@type\":\"EntryPoint\",\"urlTemplate\":\"https:\\\/\\\/www.wohnmobil-world.de\\\/?s={search_term_string}\"},\"query-input\":{\"@type\":\"PropertyValueSpecification\",\"valueRequired\":true,\"valueName\":\"search_term_string\"}}],\"inLanguage\":\"de\"},{\"@type\":\"Organization\",\"@id\":\"https:\\\/\\\/www.wohnmobil-world.de\\\/#organization\",\"name\":\"wohnmobil-world.de\",\"url\":\"https:\\\/\\\/www.wohnmobil-world.de\\\/\",\"logo\":{\"@type\":\"ImageObject\",\"inLanguage\":\"de\",\"@id\":\"https:\\\/\\\/www.wohnmobil-world.de\\\/#\\\/schema\\\/logo\\\/image\\\/\",\"url\":\"https:\\\/\\\/www.wohnmobil-world.de\\\/wp-content\\\/uploads\\\/2018\\\/06\\\/Web_Logo_rund_klein.png\",\"contentUrl\":\"https:\\\/\\\/www.wohnmobil-world.de\\\/wp-content\\\/uploads\\\/2018\\\/06\\\/Web_Logo_rund_klein.png\",\"width\":200,\"height\":150,\"caption\":\"wohnmobil-world.de\"},\"image\":{\"@id\":\"https:\\\/\\\/www.wohnmobil-world.de\\\/#\\\/schema\\\/logo\\\/image\\\/\"},\"sameAs\":[\"https:\\\/\\\/www.facebook.com\\\/wohnmobilworld\\\/\",\"https:\\\/\\\/x.com\\\/WohnmobilD\",\"https:\\\/\\\/www.instagram.com\\\/wohnmobilworld.de\\\/\",\"https:\\\/\\\/www.youtube.com\\\/c\\\/wohnmobilworld\"]}]}<\/script>\n<!-- \/ Yoast SEO plugin. -->","yoast_head_json":{"title":"Mercedes-Benz - Wohnmobil-world.de","description":"Reist mit uns in die gro\u00dfe Welt der beliebtesten Reisemobile in Deutschland, Europa und der Welt. Wir liefern Fahrberichte, Tests und Fakten! Unser Blog: wohnmobil-world.de Facebook: https:\/\/www.facebook.com\/wohnmobilworld Instagram: https:\/\/www.instagram.com\/wohnmobilworld.de\/ Twitter: @wohnmobilD","robots":{"index":"index","follow":"follow","max-snippet":"max-snippet:-1","max-image-preview":"max-image-preview:large","max-video-preview":"max-video-preview:-1"},"canonical":"https:\/\/www.wohnmobil-world.de\/index.php\/mercedes-benz\/","og_locale":"de_DE","og_type":"article","og_title":"Mercedes-Benz - Wohnmobil-world.de","og_description":"Reist mit uns in die gro\u00dfe Welt der beliebtesten Reisemobile in Deutschland, Europa und der Welt. Wir liefern Fahrberichte, Tests und Fakten! Unser Blog: wohnmobil-world.de Facebook: https:\/\/www.facebook.com\/wohnmobilworld Instagram: https:\/\/www.instagram.com\/wohnmobilworld.de\/ Twitter: @wohnmobilD","og_url":"https:\/\/www.wohnmobil-world.de\/index.php\/mercedes-benz\/","og_site_name":"Wohnmobil-world.de","article_publisher":"https:\/\/www.facebook.com\/wohnmobilworld\/","article_modified_time":"2018-08-23T11:01:21+00:00","twitter_card":"summary_large_image","twitter_site":"@WohnmobilD","schema":{"@context":"https:\/\/schema.org","@graph":[{"@type":"WebPage","@id":"https:\/\/www.wohnmobil-world.de\/index.php\/mercedes-benz\/","url":"https:\/\/www.wohnmobil-world.de\/index.php\/mercedes-benz\/","name":"Mercedes-Benz - Wohnmobil-world.de","isPartOf":{"@id":"https:\/\/www.wohnmobil-world.de\/#website"},"datePublished":"2018-08-23T11:00:41+00:00","dateModified":"2018-08-23T11:01:21+00:00","description":"Reist mit uns in die gro\u00dfe Welt der beliebtesten Reisemobile in Deutschland, Europa und der Welt. Wir liefern Fahrberichte, Tests und Fakten! Unser Blog: wohnmobil-world.de Facebook: https:\/\/www.facebook.com\/wohnmobilworld Instagram: https:\/\/www.instagram.com\/wohnmobilworld.de\/ Twitter: @wohnmobilD","breadcrumb":{"@id":"https:\/\/www.wohnmobil-world.de\/index.php\/mercedes-benz\/#breadcrumb"},"inLanguage":"de","potentialAction":[{"@type":"ReadAction","target":["https:\/\/www.wohnmobil-world.de\/index.php\/mercedes-benz\/"]}]},{"@type":"BreadcrumbList","@id":"https:\/\/www.wohnmobil-world.de\/index.php\/mercedes-benz\/#breadcrumb","itemListElement":[{"@type":"ListItem","position":1,"name":"Startseite","item":"https:\/\/www.wohnmobil-world.de\/"},{"@type":"ListItem","position":2,"name":"Mercedes-Benz"}]},{"@type":"WebSite","@id":"https:\/\/www.wohnmobil-world.de\/#website","url":"https:\/\/www.wohnmobil-world.de\/","name":"Wohnmobil-world.de","description":"Alles \u00fcber Wohnmobile und mehr...","publisher":{"@id":"https:\/\/www.wohnmobil-world.de\/#organization"},"potentialAction":[{"@type":"SearchAction","target":{"@type":"EntryPoint","urlTemplate":"https:\/\/www.wohnmobil-world.de\/?s={search_term_string}"},"query-input":{"@type":"PropertyValueSpecification","valueRequired":true,"valueName":"search_term_string"}}],"inLanguage":"de"},{"@type":"Organization","@id":"https:\/\/www.wohnmobil-world.de\/#organization","name":"wohnmobil-world.de","url":"https:\/\/www.wohnmobil-world.de\/","logo":{"@type":"ImageObject","inLanguage":"de","@id":"https:\/\/www.wohnmobil-world.de\/#\/schema\/logo\/image\/","url":"https:\/\/www.wohnmobil-world.de\/wp-content\/uploads\/2018\/06\/Web_Logo_rund_klein.png","contentUrl":"https:\/\/www.wohnmobil-world.de\/wp-content\/uploads\/2018\/06\/Web_Logo_rund_klein.png","width":200,"height":150,"caption":"wohnmobil-world.de"},"image":{"@id":"https:\/\/www.wohnmobil-world.de\/#\/schema\/logo\/image\/"},"sameAs":["https:\/\/www.facebook.com\/wohnmobilworld\/","https:\/\/x.com\/WohnmobilD","https:\/\/www.instagram.com\/wohnmobilworld.de\/","https:\/\/www.youtube.com\/c\/wohnmobilworld"]}]}},"_links":{"self":[{"href":"https:\/\/www.wohnmobil-world.de\/index.php\/wp-json\/wp\/v2\/pages\/484","targetHints":{"allow":["GET"]}}],"collection":[{"href":"https:\/\/www.wohnmobil-world.de\/index.php\/wp-json\/wp\/v2\/pages"}],"about":[{"href":"https:\/\/www.wohnmobil-world.de\/index.php\/wp-json\/wp\/v2\/types\/page"}],"author":[{"embeddable":true,"href":"https:\/\/www.wohnmobil-world.de\/index.php\/wp-json\/wp\/v2\/users\/2"}],"replies":[{"embeddable":true,"href":"https:\/\/www.wohnmobil-world.de\/index.php\/wp-json\/wp\/v2\/comments?post=484"}],"version-history":[{"count":2,"href":"https:\/\/www.wohnmobil-world.de\/index.php\/wp-json\/wp\/v2\/pages\/484\/revisions"}],"predecessor-version":[{"id":486,"href":"https:\/\/www.wohnmobil-world.de\/index.php\/wp-json\/wp\/v2\/pages\/484\/revisions\/486"}],"wp:attachment":[{"href":"https:\/\/www.wohnmobil-world.de\/index.php\/wp-json\/wp\/v2\/media?parent=484"}],"curies":[{"name":"wp","href":"https:\/\/api.w.org\/{rel}","templated":true}]}}